10/25 - (2 - 52/(-5)). Does 16 divide c/30 - (-1806)/15?
False
Let x(f) = f**3 + 6*f**2 - 8*f - 1. Let m be -6 - (2 + -4 + 1). Is 8 a factor of x(m)?
True
Let m(k) = -5*k - 3*k**2 + k**3 - 2*k**2 - 2*k**2 + 11*k**2 + 2. Let i be m(-5). Does 17 divide (16/3)/(i/21)?
False
Let s be (3/(-2))/(1/4*-2). Suppose -m - s*l = -0*m - 169, -3*m - 2*l = -486. Is 20 a factor of m?
True
Suppose 0*i + 138 = 2*s - 5*i, -4*i - 362 = -5*s. Let n be (-453)/13 + 4/(-26). Let v = n + s. Is v a multiple of 13?
True
Let z(l) = 3*l**2 + 2*l + 1. Let n be z(-1). Let q be 21 - (-4)/4 - n. Let m = q - -15. Is 7 a factor of m?
True
Let i(d) be the second derivative of 9*d**4/4 - d**3/6 + 22*d. Does 10 divide i(3)?
True
Let t be ((0/3)/4)/(-2). Suppose t*d + 2*d = 52. Does 13 divide d?
True
Let w(s) be the third derivative of s**5/6 + 2*s**3/3 - 180*s**2. Suppose -2*p + 3*z - 5*z = -8, 0 = -3*p + z + 4. Is 22 a factor of w(p)?
True
Suppose -4*p = 6*c - 528, 3*c - 2*p - 2*p = 264. Does 88 divide c?
True
Suppose 0 = z + 2*s + s - 498, 496 = z + s. Does 45 divide z?
True
Let k be (-20)/(-30)*(-27)/48*-8. Suppose 3*v - 155 = 4*u - 51, -3*u + 111 = 3*v. Suppose -k*c - c + v = 0. Is 2 a factor of c?
False
Let w = -15 + 20. Suppose w*p + 680 = 15*p. Is 5 a factor of p?
False
Suppose -8 = -3*q - 20, 2*p + 52 = 4*q. Let o = p - -70. Is 18 a factor of o?
True
Suppose 3*n - 9 = 57. Let t = 28 - n. Is 2764/52 - t/39 a multiple of 12?
False
Suppose -v + 2*v = -4*s + 128, -560 = -4*v - 4*s. Suppose v = 2*d + 3*r, r + 4 = 2*r. Is 22 a factor of d?
True
Suppose 4*y - 4*t = 1208, 2*y - 4*t = -70 + 674. Suppose -2*f + 0*f + y = 2*u, 0 = 4*f - u - 609. Is f a multiple of 29?
False
Let a = 55 + -11. Let g = -20 + a. Is 6 a factor of g?
True
Let x = -314 + 61. Let z = x - -528. Suppose 0 = 2*k + 3*k - z. Is 11 a factor of k?
True
Let f = 26 + 14. Is 4 a factor of f?
True
Let i = -17 + -159. Is 5 a factor of 26/(-39) - (i/3 + -1)?
False
Is (133/35 - 4)/(3/(-2265)) a multiple of 5?
False
Let z(l) = l**3 - 6*l**2 - 12*l + 4. Let q be 4*(4 - (-2)/(-1)). Does 9 divide z(q)?
True
Let y(f) = -f**2 + 5*f - 105. Let a be y(0). Let o = a + 196. Does 28 divide o?
False
Suppose -49 = -4*t + 5*t. Is 10 a factor of (-7)/2 - 3/(-6) - t?
False
Let c = -199 + 374. Does 23 divide c?
False
Suppose 0 = 11*u + 34 - 199. Is u a multiple of 5?
True
Let r = -6 + 44. Suppose 82 = 2*z - 3*s - s, s - r = -z. Does 6 divide z?
False
Suppose -2*w - 4*s + 829 = -7*s, 5*w = 3*s + 2086. Suppose 2*g + 330 = 9*c - 5*c, 4*g = -5*c + w. Is c a multiple of 4?
False
Suppose -t - 5*j = 2*t - 33, 3 = 2*t - 3*j. Suppose t*l = 3*l + 240. Is l a multiple of 21?
False
Let y = 686 + -678. Is 4 a factor of y?
True
Let x(t) = -12*t + 2. Suppose 0 = -b + 1 - 7. Is x(b) a multiple of 31?
False
Suppose 5*f = -5*z, -2*z - 5*f = -3*z + 12. Suppose m = l - 230, 0 = 7*l - z*l + 4*m - 1177. Does 38 divide l?
False
Let z be 3 - ((-6)/10 + (-30168)/20). Suppose 0 = -5*q + 13*q - z. Is q a multiple of 27?
True
Let f be (2/(-5))/(9/(-45)). Suppose 0 = f*v + 3*v. Suppose 4*x + x - 260 = 4*l, v = 5*l. Is 19 a factor of x?
False
Suppose 3*r = -3*d + 12 - 39, -3*r + 13 = -5*d. Let u be (-111)/d - 1/5. Let w = 36 - u. Is 7 a factor of w?
True
Let i = 401 + -403. Let g(f) be the third derivative of 2*f**5/15 + f**4/12 - f**3/3 - f**2. Is g(i) a multiple of 9?
False
Let x(t) = -t**3 + 6*t**2 - 7*t - 1. Let u be x(4). Suppose -5*j = -u*q + 5*q - 184, -2*q = 2*j - 178. Is 29 a factor of q?
True
Suppose -17*j = -29*j + 6660. Is j a multiple of 19?
False
Suppose 12*r - 8*r - 2172 = 0. Suppose -4*u - 5*d + r = 0, -3*d = 2*u + d - 276. Does 23 divide u?
False
Suppose o - 5 = 0, -2*l + 6*l - 22 = -2*o. Suppose -l*m + 4*m - 48 = 0. Suppose h + 3*h - m = 0. Is h a multiple of 4?
True
Suppose -3*i + 18 + 0 = 0. Suppose 0 = u + 2 - i. Suppose -u*z - 3*a = -147, -5*z - 2*a = a - 183. Is z a multiple of 9?
True
Let w(n) = 2*n**3 - n**2. Let p be w(1). Let g be (p - 0)*-6*2. Is 4/g - (-164)/6 a multiple of 11?
False
Let o(m) = 6*m**2 + 13*m - 137. Is 11 a factor of o(-11)?
False
Suppose 0 = -3*d - 3, d = 99*a - 95*a - 12289. Does 64 divide a?
True
Suppose 22*i + 13*i = 490. Is 7 a factor of i?
True
Suppose 4*x + 1 = -3. Let b be (-8)/4 - (-5 - x). Suppose -j + 5*z + 2 = -2*j, b*z + 58 = 4*j. Is 13 a factor of j?
True
Is 2/15 - (-29326)/330 a multiple of 3?
False
Suppose 0 = -4*j - 5*x - 1084, 2*x = -x + 12. Is ((-5)/(-10))/((-3)/j) a multiple of 23?
True
Is 64/(-24)*(-942)/4 a multiple of 16?
False
Let w = -5 - -9. Suppose 2*n = -4*p + 30, -p = -w*p + 2*n + 19. Is 3 a factor of p?
False
Let l(p) = 6*p**3 - 7*p**2 + 12. Let a be l(6). Suppose -30*h + 34*h - a = 0. Is h a multiple of 22?
True
Suppose -166 - 770 = -13*b. Is 6*(12/b)/((-2)/(-18)) a multiple of 3?
True
Let s(v) = -2*v**3 - 8*v**2 + 4*v - 20. Is s(-10) a multiple of 76?
True
Suppose r = 3*u - 3, 4*r + 23 = -4*u + 75. Suppose 1584 = r*k + 9*k. Is k a multiple of 18?
False
Suppose 592 = -4*b - 2*w, 4*b + 5*w + 368 = -224. Let l = b - -326. Does 8 divide (-4)/22 + l/11?
True
Let o = -461 - -586. Does 5 divide o?
True
Let j = 24 + 5. Let f = j - 26. Suppose f*m + 88 = 5*m. Does 11 divide m?
True
Let w(n) = -6*n + 9. Suppose -4*h = c + 72, -3*c + 54 = -2*h + c. Is w(h) a multiple of 20?
False
Suppose 3*p - q - 443 = 0, -2*q - 604 = -4*p + 2*q. Suppose -10*i - 10*i + 4420 = 0. Let f = i - p. Does 25 divide f?
True
Let c(r) = 39*r - 137. Does 44 divide c(6)?
False
Suppose 3027 = v - i, -20*i - 6024 = -2*v - 24*i. Does 12 divide v?
False
Let d(m) be the second derivative of m**5/20 - m**4 - m**3/2 - 11*m**2/2 + 5*m. Let o be d(12). Does 22 divide ((-15)/(-5) + -5)*o?
False
Let m(c) = -c**2 + 5*c + 1. Let w be m(4). Suppose b = -w*l + 61, -4*b + 2 + 242 = 3*l. Is 21 a factor of b?
False
Let z = 840 + -574. Does 19 divide z?
True
Let k = -879 + 1152. Is 13 a factor of k?
True
Let t(c) be the second derivative of -1/2*c**2 + 1/3*c**3 + 0 + 53/12*c**4 - 6*c. Does 17 divide t(1)?
False
Suppose -3*t + w + 709 = 0, 6*t - 4*t + w - 476 = 0. Does 45 divide t?
False
Let g = -3 - -5. Suppose 75 = g*p - 169. Is p a multiple of 21?
False
Suppose 4*v + 0*v = 940. Let h = 330 - v. Does 19 divide h?
True
Suppose -3*j = -0 - 27. Let z(g) = -1 + 66*g**2 + 12*g - 2 - g**3 - 58*g**2. Is z(j) a multiple of 12?
True
Suppose -3*n + 100 = -554. Does 9 divide n?
False
Let r be 9/(-45) + (-21)/(-5). Suppose -5*i - 276 = r. Let u = i - -80. Is u a multiple of 24?
True
Suppose -3*k + 2568 = 3*k. Suppose k = 5*x - 2*r, 5*x - 3*r = 89 + 343. Is 6 a factor of x?
True
Suppose -2*f = 3*z - 23, 3*z = -0*f - 4*f + 31. Let p be 15/6 - 1/(-2). Suppose -l - 4*l = p*h - 83, -l - 80 = -f*h. Is 8 a factor of h?
False
Let g(i) = -3*i**3 - 5*i**2 - 18*i - 24. Does 23 divide g(-6)?
True
Suppose 0 = -5*p - 3*d + 4392, -5*d + 3524 = 15*p - 11*p. Is 4 a factor of p?
True
Let l(d) = d**2 + 10*d + 20. Let b be l(-8). Let h(v) = 2*v**3 - 4*v**2 - 6*v + 9. Is h(b) a multiple of 7?
True
Let l = -380 - -764. Is l a multiple of 48?
True
Let t(q) = -q**2 + q - 8. Let a be t(-7). Let w(i) = -i**3 + 4*i**2 - 4*i + 4. Let p be w(3). Is 1/(p - (-62)/a) a multiple of 8?
True
Let u(z) = 2*z + 19. Let h be u(-14). Let y(p) = -p**2 - 10*p - 8. Let b be y(h). Is 3 a factor of 697/34 + b/2?
True
Let m(q) be the third derivative of 197*q**4/12 + q**3/3 + 8*q**2. Let x be m(1). Is (1/3)/(11/x) a multiple of 3?
True
Let o(j) = 20*j**2 - j - 45. Does 23 divide o(-5)?
True
Let f(y) = -128*y + 20. Is 55 a factor of f(-5)?
True
Let v = -31 - -45. Suppose -d - 5*x = -15 - v, -5 = x. Is d a multiple of 5?
False
Let g = 5 + -3. Suppose -1 = -v + g. Suppose 3*h - 28 = -r, 2*h - 28 = -4*r + v*r. Does 8 divide r?
False
Is (1132/(-16))/(-4*7/896) a multiple of 47?
False
Suppose 0 = 5*x + x - 30. Suppose x*r - 35 = 20. Does 4 divide r?
False
Suppose 2*o = -4*o. Suppose -20 = -5*j - o. Suppose -p = j*d - 3*p - 58, 0 = p - 1. Is d a multiple of 7?
False
Let s(z) = z**2 - 4*z - 4. Let u be (-7)/((9 - 6)*(-1)/(-3)). Is 12 a factor of s(u)?
False
Suppose -11*a - 74 = 3. Let k(y) = -y**3 - 7*y**2 - 6*y - 13. Does 6 divide k(a)?
False
Let c be (-22)/55 + 44/10. Let f be (47/4)/(c/16). Let s = 67 - f. Does 7 divide s?
False
Is 43 a factor of 0/(-3) + -9 + 568?
True
Is (30/4)/(0 + 18/5808) a multiple 